6. What is w(8)?
2
Let a(v) = -v**2 + 7*v + 4. What is a(7)?
4
Let m(p) = -p**2 - 17*p + 2. What is m(-17)?
2
Let p(b) = -7*b - 42. What is p(-8)?
14
Let k(u) = u**2 + u - 27. Give k(-6).
3
Let o(j) = -4*j - 14. Calculate o(6).
-38
Let n(m) = m + 16. Give n(-5).
11
Let o(w) = -w - 27. Calculate o(-29).
2
Let c(z) = -z**3 + 7*z**2 + 14*z - 9. What is c(5)?
111
Let r(w) = w**3 - 16*w**2 + 9*w + 88. What is r(15)?
-2
Let m(s) = 9*s + 5. What is m(-5)?
-40
Let w(y) = y**3 - 11*y**2 - 4*y - 5. Determine w(11).
-49
Let o(s) = s**2 + s - 21. Determine o(-6).
9
Let d(m) = -4*m + 52. What is d(9)?
16
Let k(w) = 4*w**3 - 2*w**2 - 3*w + 6. What is k(2)?
24
Let i(s) = -s**3 - 7*s**2 - 5*s. What is i(-5)?
-25
Let w(f) = f**3 + 8*f**2 + 4*f - 6. What is w(-4)?
42
Let w(l) = -l**3 - 19*l**2 - l - 19. What is w(-19)?
0
Let x(n) = -2*n**2 - 8*n + 11. What is x(-5)?
1
Let z(p) = -p**2 + 2*p + 65. What is z(10)?
-15
Let d(t) = -t**3 - 14*t**2 + 32*t - 4. What is d(-16)?
-4
Let d(w) = 5*w + 121. What is d(-22)?
11
Let g(b) = 2*b - 7. What is g(-5)?
-17
Let k(r) = r**3 + 11*r**2 + 10*r + 7. Give k(-10).
7
Let g(s) = 4*s - 48. Calculate g(12).
0
Let y(o) = -34*o + 3. What is y(1)?
-31
Let c(v) = v**2 + 4*v - 50. Calculate c(-10).
10
Let z(c) = c - 3. What is z(-26)?
-29
Let t(q) = q**3 - 9*q**2 + 16*q + 12. What is t(6)?
0
Let i(c) = -3*c**2 + 9*c - 3. What is i(2)?
3
Let l(k) = 5*k**3 - k**2 + 2*k + 1. Calculate l(2).
41
Let o(j) = 21*j**3 - 2*j - 3. What is o(-1)?
-22
Let k(m) = -4*m - 30. Determine k(-10).
10
Let h(x) = -x**2 - 7*x - 2. Give h(-7).
-2
Let b(t) = -t - 4. What is b(-5)?
1
Let x(k) = -k**2 - 22*k - 21. Determine x(-21).
0
Let d(h) = -h**3 - 12*h**2 + 15*h - 25. Give d(-13).
-51
Let z(c) = c**3 - 3*c**2 + 2*c - 2. Calculate z(2).
-2
Let v(z) = -z. Determine v(6).
-6
Let x(k) = -k**3 - 5*k**2 - 3*k - 3. Calculate x(-3).
-12
Let s(p) = p**3 + 13*p**2 + 13*p + 7. Calculate s(-12).
-5
Let u(g) = -2*g**2 - 13*g + 3. Calculate u(-7).
-4
Let j(i) = -i**2 + 7*i + 9. What is j(12)?
-51
Let f(j) = -j**3 - 7*j**2 - 10*j - 50. Give f(-7).
20
Let l(t) = -8*t + 24. Calculate l(6).
-24
Let d(w) = -w**3 - 19*w**2 + 40*w - 50. Calculate d(-21).
-8
Let x(m) = m**3 + 19. Determine x(0).
19
Let p(x) = x**3 + 3*x**2 + 7. Calculate p(-3).
7
Let t(b) = -b**3 + 7*b**2 - 4*b + 2. Calculate t(7).
-26
Let p(g) = -4*g**3 - 25*g**2 - 4*g + 8. Give p(-6).
-4
Let y(a) = a**2 + 2*a + 1. Calculate y(2).
9
Let h(r) = -2*r + 43. Give h(18).
7
Let x(o) = 2*o**2 - 16*o + 29. Give x(10).
69
Let o(m) = -m**2 - 9*m - 1. Give o(-11).
-23
Let k(a) = a**2 - 2*a - 8. What is k(-7)?
55
Let o(k) = k**3 + 6*k**2 - 8*k - 1. Give o(-7).
6
Let n(d) = 2*d**3 + 2*d**2 - 2*d - 3. Give n(-1).
-1
Let r(c) = 12*c + 3. Determine r(6).
75
Let x(g) = g**3 - g**2 + g + 10. Calculate x(0).
10
Let h(q) = 8*q**3 + 2*q**2 - 7. Give h(-2).
-63
Let h(v) = -3*v + 1. Calculate h(8).
-23
Let h(o) = 4*o + 2. Calculate h(-5).
-18
Let c(y) = -y**3 - 10*y**2 + 13*y + 12. Calculate c(-11).
-10
Let z(p) = -p**3 - 7*p**2 + 10*p. Give z(-8).
-16
Let o(h) = -95*h**2 - 1. What is o(1)?
-96
Let g(l) = l**3 - 17*l**2 - 36*l - 30. Calculate g(19).
8
Let w(u) = -u**2 + u + 4. Give w(-3).
-8
Let n(x) = -19*x - 28. Give n(8).
-180
Let o(g) = -g**2 + 37*g + 534. Calculate o(48).
6
Let w(j) = -j**2 + 1. Give w(0).
1
Let x(u) = 2*u**3 + 8*u**2 + 14*u + 9. Give x(-3).
-15
Let c(s) = s**3 + 6*s**2 + 6. Give c(-5).
31
Let a(l) = 9*l - 146. Give a(16).
-2
Let o(n) = -9*n - 18. What is o(6)?
-72
Let u(m) = m**2 - 12*m + 2. Determine u(9).
-25
Let b(u) = -u**2 + 16*u + 6. What is b(12)?
54
Let u(i) = -i + 14. Determine u(19).
-5
Let n(q) = -q**2 - 26*q + 58. Give n(-30).
-62
Let z(a) = 3*a**2 - 12*a - 1. What is z(5)?
14
Let f(m) = -m**3 + 9*m**2 - 10*m + 7. Calculate f(8).
-9
Let w(h) = 87*h + 17. Determine w(-1).
-70
Let w(d) = d**2 + 13*d - 17. Determine w(-14).
-3
Let c(h) = -h**3 - 6*h**2 + 11*h + 14. What is c(-8)?
54
Let n(l) = l**3 + 5*l**2 - 9*l - 9. Give n(-6).
9
Let f(y) = y**3 - 9*y**2 - 2*y - 17. What is f(9)?
-35
Let o(q) = -3*q - 3. Calculate o(-4).
9
Let m(s) = -6*s**2 + 7*s - 21. Give m(2).
-31
Let i(c) = 15*c**3 - c**2 + 3*c + 2. What is i(2)?
124
Let f(w) = -3*w**3 - 63*w**2 + 4*w + 85. Give f(-21).
1
Let w(p) = -2*p**2 - 9*p - 17. Calculate w(-4).
-13
Let g(i) = -i**3 + 13*i**2 - 24*i + 10. Give g(11).
-12
Let f(q) = -2*q + 15. What is f(4)?
7
Let r(a) = a**3 + 5*a**2 - 7*a - 5. Calculate r(-6).
1
Let r(t) = t**2 - 16*t + 18. Calculate r(15).
3
Let q(m) = m**3 + 14*m**2 - 12*m + 43. Calculate q(-15).
-2
Let y(p) = -13*p - 51. What is y(-7)?
40
Let i(v) = -16*v - 152. Give i(-10).
8
Let s(m) = -m**3 + 2*m - 4. Calculate s(4).
-60
Let v(o) = -o**2 + 25*o + 150. Calculate v(30).
0
Let x(a) = a**3 + 7*a**2 + 6*a - 3. What is x(-6)?
-3
Let w(z) = 211*z + 416. Give w(-2).
-6
Let f(k) = -k**2 + 2*k - 1. What is f(2)?
-1
Let r(l) = -l**2 - 8*l - 4. Give r(-5).
11
Let l(n) = -2*n**2 + 19*n + 16. Calculate l(10).
6
Let c(t) = -t**3 - 32*t**2 - 35*t - 117. Give c(-31).
7
Let k(q) = -4*q + 22. Give k(5).
2
Let b(w) = -2*w**2 + 5*w + 8. What is b(6)?
-34
Let q(w) = -6*w - 12. What is q(-5)?
18
Let y(i) = i**2 - 6*i - 2. Determine y(-4).
38
Let s(b) = 20*b**2 - 1. What is s(1)?
19
Let l(p) = p**2 - 12*p + 31. Calculate l(6).
-5
Let z(u) = 10*u - 25. Determine z(3).
5
Let s(l) = 4*l**2 - 24*l - 2. Determine s(6).
-2
Let i(x) = -3*x**2 + 30*x + 21. What is i(13)?
-96
Let y(n) = n + 9. Determine y(4).
13
Let v(m) = 6*m - 35. Calculate v(5).
-5
Let v(u) = u**2 - 7*u - 414. Give v(-17).
-6
Let u(t) = 14*t**2 + 3*t - 2. Determine u(1).
15
Let w(b) = 52*b - 457. Give w(9).
11
Let w(i) = -i**2 + 2*i + 5. Calculate w(4).
-3
Let q(k) = -k**3 - 17*k**2 + 14*k - 10. What is q(-18)?
62
Let t(s) = s**3 + 31*s**2 + 34*s + 116. Determine t(-30).
-4
Let h(r) = -20*r**2 - 1. Give h(-1).
-21
Let c(i) = i**2 - 3*i + 2. Determine c(2).
0
Let v(u) = -u**3 + 6*u**2 + 4*u - 2. What is v(5)?
43
Let d(r) = -3*r. Determine d(-2).
6
Let h(q) = 13*q - 96. Calculate h(8).
8
Let u(f) = 6*f + 50. Calculate u(0).
50
Let n(q) = -5*q + 25. Give n(13).
-40
Let x(j) = -36*j + 241. Calculate x(7).
-11
Let k(n) = 10*n - 93. Determine k(10).
7
Let g(z) = z**2 + 11*z - 4. Determine g(-12).
8
Let g(a) = -a**2 + 16*a - 29. Calculate g(15).
-14
Let i(t) = t + 27. Calculate i(-26).
1
Let c(n) = 9*n - 64. What is c(7)?
-1
Let m(f) = -2*f + 28. Give m(0).
28
Let m(s) = -s**2 + 6*s - 5. Give m(5).
0
Let n(x) = x**2 + 18*x + 34. Determine n(-17).
17
Let c(s) = -20*s**2 + s. What is c(1)?
-19
Let i(s) = -45*s**2 - 1. Calculate i(-1).
-46
Let a(i) = i**3 + 27*i**2 - 59*i - 34. Determine a(-29).
-5
Let h(l) = l + 9. Give h(8).
17
Let g(l) = 4*l**2 - 2*l - 4. Calculate g(-2).
16
Let b(x) = 8*x**2 + 3*x - 2. Calculate b(2).
36
Let w(p) = -p**3 - 11*p**2 - 9*p - 5. Calculate w(-10).
-15
Let o(l) = 22*l**2 - l - 1. What is o(1)?
20
Let v(l) = -3*l**2 - 12*l + 34. What is v(-6)?
-2
Let c(y) = y**3 + 7*y**2 - y + 7. Determine c(-7).
14
Let b(s) = 3*s + 4. Determine b(0).
4
Let f(m) = 2*m**3 - m**2 - 4*m + 3. What is f(2)?
7
Let l(z) = z**2 - 3*z + 12. Give l(7).
40
Let i(b) = b**3 - 8*b**2 + 13*b - 3. Determine i(6).
3
Let v(z) = 2*z - 15. Calculate v(10).
5
Let j(l) = -2*l + 14. What is j(0)?
14
Let u(w) = w**3 + 37*w**2 + 34*w - 88. Determine u(-36).
-16
Let i(q) = q**3 + 2*q**2 + 2*q - 12. Determine i(0).
-12
Let d(v) = v**3 + 29*v**2 + 28*v + 1. Determine d(-28).
1
Let g(v) = -2*v - 44. Determine g(-24).
4
Let c(i) = -14*i + 30. Determine c(6).
-54
Let m(k) = -2*k + 22. What is m(-14)?
50
Let x(v) = -33*v + 4. What is x(1)?
-29
Let b(u) = u**2 + 18*u + 38. Determine b(-17).
21
Let a(j) = j**3 + 2*j**2 + j + 3. Determine a(-3).
-9
Let n(v) = 4*v - 15. What is n(5)?
5
Let b(h) = -h**3 + 9*h**2 + 14*h - 9. What is b(10)?
31
Let f(s) = s**2 - 5*s - 86. Determine f(-7).
-2
Let r(q) = 2*q**3 - q**2 + 2*q - 3. Determine r(2).
13
Let l(r) = -4*r - 15. Calculate l(-10).
25
Let v(s) = -s**3 + 17*s**2 + s - 23. Give v(17).
-6
Let v(f) = f**2 - 2*f - 4. What is v(-2)?
4
Let k(j) = -j**3 + 16*j**2 - 27*j - 9. Determine k(14).
5
Let v(q) = -2*q + 8. Calculate v(7).
-6
Let w(u) = 22*u + 17. What is w(-1)?
-5
Let l(i) = -4*i - 14. Calculate l(-4).
2
Let q(a) = -9*a + 10. Determine q(5).
-35
Let v(w)